0639 is divided by 1063?
118
Calculate the remainder when 652111 is divided by 3525.
3511
Calculate the remainder when 812684 is divided by 202286.
3540
What is the remainder when 7932835 is divided by 274?
261
Calculate the remainder when 6386240 is divided by 5109.
5099
Calculate the remainder when 128194174 is divided by 1056.
1054
Calculate the remainder when 138335 is divided by 4151.
1352
Calculate the remainder when 7338525 is divided by 1992.
1989
Calculate the remainder when 2125023 is divided by 3972.
3
What is the remainder when 11632213 is divided by 83?
12
Calculate the remainder when 1909255 is divided by 477278.
143
Calculate the remainder when 20958892 is divided by 1517.
20
Calculate the remainder when 735783 is divided by 91971.
15
Calculate the remainder when 1771893 is divided by 590618.
39
What is the remainder when 3493351 is divided by 272?
55
Calculate the remainder when 34363 is divided by 174.
85
What is the remainder when 12538388 is divided by 350?
338
What is the remainder when 4332278 is divided by 1441?
632
What is the remainder when 230120 is divided by 3019?
676
What is the remainder when 1000034 is divided by 932?
930
Calculate the remainder when 2776026 is divided by 1428.
1422
What is the remainder when 38292 is divided by 8327?
4984
Calculate the remainder when 38828 is divided by 18740.
1348
What is the remainder when 1863053 is divided by 11?
5
What is the remainder when 2667959 is divided by 3586?
3561
Calculate the remainder when 13604875 is divided by 17.
13
Calculate the remainder when 636742 is divided by 127331.
87
What is the remainder when 45731572 is divided by 486506?
8
Calculate the remainder when 1983047 is divided by 991515.
17
Calculate the remainder when 18240 is divided by 2590.
110
Calculate the remainder when 2748613 is divided by 196329.
7
Calculate the remainder when 61886 is divided by 899.
754
What is the remainder when 9808 is divided by 1118?
864
What is the remainder when 109274723 is divided by 31?
2
What is the remainder when 200289 is divided by 2152?
153
Calculate the remainder when 12655231 is divided by 8819.
8785
Calculate the remainder when 4503679 is divided by 643316.
467
What is the remainder when 5504299 is divided by 475?
474
What is the remainder when 1400444 is divided by 1766?
6
What is the remainder when 1065488 is divided by 532728?
32
Calculate the remainder when 3604481 is divided by 36.
17
What is the remainder when 13386545 is divided by 3273?
3248
Calculate the remainder when 5694332 is divided by 296.
180
Calculate the remainder when 423564684 is divided by 6097.
6094
Calculate the remainder when 35393 is divided by 5037.
134
Calculate the remainder when 2964215 is divided by 423412.
331
Calculate the remainder when 3587092 is divided by 343.
341
What is the remainder when 106778 is divided by 5072?
266
What is the remainder when 17416395 is divided by 30?
15
Calculate the remainder when 917176466 is divided by 3179.
3176
What is the remainder when 4283727 is divided by 179?
78
Calculate the remainder when 5439128 is divided by 1359774.
32
Calculate the remainder when 30217 is divided by 1708.
1181
Calculate the remainder when 1053652 is divided by 3303.
3298
Calculate the remainder when 1100482 is divided by 7538.
7472
Calculate the remainder when 571966 is divided by 571848.
118
Calculate the remainder when 833843 is divided by 64136.
75
What is the remainder when 841157 is divided by 420575?
7
What is the remainder when 34489352 is divided by 768?
8
What is the remainder when 28369688 is divided by 3?
2
Calculate the remainder when 49395 is divided by 24431.
533
Calculate the remainder when 536356 is divided by 225.
181
Calculate the remainder when 5810714 is divided by 232417.
289
What is the remainder when 8474459 is divided by 9083?
20
Calculate the remainder when 6077192 is divided by 1977.
1871
What is the remainder when 45773 is divided by 5613?
869
Calculate the remainder when 3472725 is divided by 34381.
244
Calculate the remainder when 663906286 is divided by 3988.
3986
Calculate the remainder when 106870 is divided by 17772.
238
Calculate the remainder when 23313471 is divided by 14.
13
Calculate the remainder when 1097917 is divided by 156844.
9
What is the remainder when 452666 is divided by 191?
187
Calculate the remainder when 10016652 is divided by 5701.
5696
What is the remainder when 44770 is divided by 1658?
4
Calculate the remainder when 20400119 is divided by 312.
311
Calculate the remainder when 10463808 is divided by 105695.
3
Calculate the remainder when 36756594 is divided by 96474.
0
What is the remainder when 7254124 is divided by 1912?
1908
What is the remainder when 56277368 is divided by 14069342?
0
What is the remainder when 3098889 is divided by 113?
90
What is the remainder when 4451573 is divided by 2225781?
11
Calculate the remainder when 36660128 is divided by 22.
10
What is the remainder when 420525 is divided by 420521?
4
What is the remainder when 108620 is divided by 14?
8
What is the remainder when 379420 is divided by 20?
0
What is the remainder when 2133675 is divided by 1066793?
89
Calculate the remainder when 58184 is divided by 2842.
1344
Calculate the remainder when 93828923 is divided by 3909538.
11
Calculate the remainder when 1576528 is divided by 156.
148
What is the remainder when 277830 is divided by 11107?
155
Calculate the remainder when 242155 is divided by 658.
11
What is the remainder when 18781463 is divided by 483?
8
What is the remainder when 20025 is divided by 889?
467
What is the remainder when 19780055 is divided by 132?
119
What is the remainder when 39597 is divided by 912?
381
Calculate the remainder when 494890 is divided by 8099.
851
What is the remainder when 51909770 is divided by 3526?
3524
Calculate the remainder when 782517 is divided by 21146.
115
Calculate the remainder when 6057107 is divided by 353.
333
What is the remainder when 16248 is divided by 3077?
863
Calculate the remainder when 1262628 is divided by 434.
122
What is the remainder when 48816179 is divided by 159?
158
What is the remainder when 11420 is divided by 2898?
2726
Calculate the remainder when 5589461 is divided by 40.
21
Calculate the remainder when 10890066 is divided by 107822.
44
Calculate the remainder when 1385846 is divided by 346392.
278
What is the remainder when 114592175 is divided by 158?
147
Calculate the remainder when 10585128 is divided by 14540.
8
What is the remainder when 269339 is divided by 269329?
10
What is the remainder when 1070575 is divided by 71302?
1045
What is the remainder when 314084 is divided by 552?
548
Calculate the remainder when 84540335 is divided by 87.
86
What is the remainder when 17151073 is divided by 6?
1
What is the remainder when 645888 is divided by 161046?
1704
Calculate the remainder when 526324 is divided by 10319.
55
Calculate the remainder when 1116 is divided by 2.
0
Calculate the remainder when 188872403 is divided by 9443620.
3
Calculate the remainder when 671852 is divided by 1768.
12
What is the remainder when 1485213 is divided by 1007?
895
Calculate the remainder when 1696038 is divided by 3927.
3501
Calculate the remainder when 12500223 is divided by 69062.
1
What is the remainder when 8288206 is divided by 920894?
160
What is the remainder when 22739992 is divided by 1585?
1582
What is the remainder when 4248436 is divided by 1163?
1160
Calculate the remainder when 143267700 is divided by 2291.
15
What is the remainder when 2355173 is divided by 33?
29
Calculate the remainder when 111539 is divided by 110633.
906
Calculate the remainder when 1680679 is divided by 2799.
1279
What is the remainder when 4726954 is divided by 4726880?
74
Calculate the remainder when 822514 is divided by 427.
112
What is the remainder when 8822222 is divided by 579?
578
Calculate the remainder when 569247 is divided by 8418.
5241
Calculate the remainder when 226394 is divided by 2412.
2078
What is the remainder when 10424353 is divided by 1303032?
97
What is the remainder when 87851054 is divided by 58141?
3
What is the remainder when 23549 is divided by 10648?
2253
Calculate the remainder when 2306500 is divided by 576602.
92
Calculate the remainder when 259118 is 